{"id":68,"date":"2025-12-19T16:16:00","date_gmt":"2025-12-19T16:16:00","guid":{"rendered":"https:\/\/www.stadserfzwolle.nl\/?page_id=68"},"modified":"2025-12-22T13:30:37","modified_gmt":"2025-12-22T13:30:37","slug":"het-type-woningen-stasdserf-zwolle","status":"publish","type":"page","link":"http:\/\/www.stadserfzwolle.nl\/index.php\/het-type-woningen-stasdserf-zwolle\/","title":{"rendered":"Type woningen"},"content":{"rendered":"\n<p><\/p>\n\n\n\n<blockquote class=\"wp-block-quote is-layout-flow wp-block-quote-is-layout-flow\">\n<p>Zo divers als de groep die woont in Stadserf Zwolle, zo divers worden ook de woningen. <\/p>\n<\/blockquote>\n\n\n\n<p>In Stadserf Zwolle willen we woningen cre\u00ebren voor \u00e9\u00e9npersoons- tot&nbsp; meerpersoonshuishoudens, met en zonder kinderen. Op basis van dat uitgangspunt kan de&nbsp; volgende typering van het wooncomplex worden gegeven:&nbsp;<\/p>\n\n\n\n<ul class=\"wp-block-list\">\n<li>Grondgebonden woningen en appartementen.<\/li>\n\n\n\n<li>Verschillende groottes: studio\u2019s, woningen met twee, drie, vier en vijf kamers <\/li>\n\n\n\n<li>Aanwezig in iedere woning: keuken, toilet en badkamer.<\/li>\n\n\n\n<li>Iedere bewoner kan de gedeelde ruimtes en faciliteiten gebruiken.<\/li>\n<\/ul>\n\n\n\n<h2 class=\"wp-block-heading\">Huur of koopwoningen?<\/h2>\n\n\n\n<p>In de initiatiefgroep is het gesprek over huur en\/of koopwoningen nog niet afgerond. Voor iedereen staat betaalbaarheid voorop. We willen sociale huurwoningen in het complex opnemen.&nbsp;<\/p>\n\n\n\n<p><\/p>\n","protected":false},"excerpt":{"rendered":"<p>Zo divers als de groep die woont in Stadserf Zwolle, zo divers worden ook de woningen. In Stadserf Zwolle willen we woningen cre\u00ebren voor \u00e9\u00e9npersoons- tot&nbsp; meerpersoonshuishoudens, met en zonder kinderen. Op basis van dat uitgangspunt kan de&nbsp; volgende typering van het wooncomplex worden gegeven:&nbsp; Huur of koopwoningen? In de initiatiefgroep is het gesprek over &hellip; <\/p>\n<p class=\"link-more\"><a href=\"http:\/\/www.stadserfzwolle.nl\/index.php\/het-type-woningen-stasdserf-zwolle\/\" class=\"more-link\">Continue reading<span class=\"screen-reader-text\"> &#8220;Type woningen&#8221;<\/span><\/a><\/p>\n","protected":false},"author":1,"featured_media":0,"parent":0,"menu_order":0,"comment_status":"closed","ping_status":"closed","template":"","meta":{"footnotes":""},"class_list":["post-68","page","type-page","status-publish","hentry"],"yoast_head":"<!-- This site is optimized with the Yoast SEO plugin v27.5 - https:\/\/yoast.com\/product\/yoast-seo-wordpress\/ -->\n<title>Type woningen - welkom bij Stadserf Zwolle<\/title>\n<meta name=\"description\" content=\"In Stadserf Zwolle willen we woningen cre\u00ebren voor \u00e9\u00e9npersoons- tot\u00a0 meerpersoonshuishoudens, met en zonder kinderen.\" \/>\n<meta name=\"robots\" content=\"index, follow, max-snippet:-1, max-image-preview:large, max-video-preview:-1\" \/>\n<link rel=\"canonical\" href=\"http:\/\/www.stadserfzwolle.nl\/index.php\/het-type-woningen-stasdserf-zwolle\/\" \/>\n<meta property=\"og:locale\" content=\"nl_NL\" \/>\n<meta property=\"og:type\" content=\"article\" \/>\n<meta property=\"og:title\" content=\"Type woningen - welkom bij Stadserf Zwolle\" \/>\n<meta property=\"og:description\" content=\"In Stadserf Zwolle willen we woningen cre\u00ebren voor \u00e9\u00e9npersoons- tot\u00a0 meerpersoonshuishoudens, met en zonder kinderen.\" \/>\n<meta property=\"og:url\" content=\"http:\/\/www.stadserfzwolle.nl\/index.php\/het-type-woningen-stasdserf-zwolle\/\" \/>\n<meta property=\"og:site_name\" content=\"welkom bij Stadserf Zwolle\" \/>\n<meta property=\"article:modified_time\" content=\"2025-12-22T13:30:37+00:00\" \/>\n<meta name=\"twitter:card\" content=\"summary_large_image\" \/>\n<meta name=\"twitter:label1\" content=\"Geschatte leestijd\" \/>\n\t<meta name=\"twitter:data1\" content=\"1 minuut\" \/>\n<script type=\"application\/ld+json\" class=\"yoast-schema-graph\">{\"@context\":\"https:\\\/\\\/schema.org\",\"@graph\":[{\"@type\":\"WebPage\",\"@id\":\"http:\\\/\\\/www.stadserfzwolle.nl\\\/index.php\\\/het-type-woningen-stasdserf-zwolle\\\/\",\"url\":\"http:\\\/\\\/www.stadserfzwolle.nl\\\/index.php\\\/het-type-woningen-stasdserf-zwolle\\\/\",\"name\":\"Type woningen - welkom bij Stadserf Zwolle\",\"isPartOf\":{\"@id\":\"http:\\\/\\\/www.stadserfzwolle.nl\\\/#website\"},\"datePublished\":\"2025-12-19T16:16:00+00:00\",\"dateModified\":\"2025-12-22T13:30:37+00:00\",\"description\":\"In Stadserf Zwolle willen we woningen cre\u00ebren voor \u00e9\u00e9npersoons- tot\u00a0 meerpersoonshuishoudens, met en zonder kinderen.\",\"breadcrumb\":{\"@id\":\"http:\\\/\\\/www.stadserfzwolle.nl\\\/index.php\\\/het-type-woningen-stasdserf-zwolle\\\/#breadcrumb\"},\"inLanguage\":\"nl-NL\",\"potentialAction\":[{\"@type\":\"ReadAction\",\"target\":[\"http:\\\/\\\/www.stadserfzwolle.nl\\\/index.php\\\/het-type-woningen-stasdserf-zwolle\\\/\"]}]},{\"@type\":\"BreadcrumbList\",\"@id\":\"http:\\\/\\\/www.stadserfzwolle.nl\\\/index.php\\\/het-type-woningen-stasdserf-zwolle\\\/#breadcrumb\",\"itemListElement\":[{\"@type\":\"ListItem\",\"position\":1,\"name\":\"Home\",\"item\":\"http:\\\/\\\/www.stadserfzwolle.nl\\\/\"},{\"@type\":\"ListItem\",\"position\":2,\"name\":\"Type woningen\"}]},{\"@type\":\"WebSite\",\"@id\":\"http:\\\/\\\/www.stadserfzwolle.nl\\\/#website\",\"url\":\"http:\\\/\\\/www.stadserfzwolle.nl\\\/\",\"name\":\"welkom bij Stadserf Zwolle\",\"description\":\"het nieuwe wonen in Zwolle, met het oog op de toekomst\",\"potentialAction\":[{\"@type\":\"SearchAction\",\"target\":{\"@type\":\"EntryPoint\",\"urlTemplate\":\"http:\\\/\\\/www.stadserfzwolle.nl\\\/?s={search_term_string}\"},\"query-input\":{\"@type\":\"PropertyValueSpecification\",\"valueRequired\":true,\"valueName\":\"search_term_string\"}}],\"inLanguage\":\"nl-NL\"}]}<\/script>\n<!-- \/ Yoast SEO plugin. -->","yoast_head_json":{"title":"Type woningen - welkom bij Stadserf Zwolle","description":"In Stadserf Zwolle willen we woningen cre\u00ebren voor \u00e9\u00e9npersoons- tot\u00a0 meerpersoonshuishoudens, met en zonder kinderen.","robots":{"index":"index","follow":"follow","max-snippet":"max-snippet:-1","max-image-preview":"max-image-preview:large","max-video-preview":"max-video-preview:-1"},"canonical":"http:\/\/www.stadserfzwolle.nl\/index.php\/het-type-woningen-stasdserf-zwolle\/","og_locale":"nl_NL","og_type":"article","og_title":"Type woningen - welkom bij Stadserf Zwolle","og_description":"In Stadserf Zwolle willen we woningen cre\u00ebren voor \u00e9\u00e9npersoons- tot\u00a0 meerpersoonshuishoudens, met en zonder kinderen.","og_url":"http:\/\/www.stadserfzwolle.nl\/index.php\/het-type-woningen-stasdserf-zwolle\/","og_site_name":"welkom bij Stadserf Zwolle","article_modified_time":"2025-12-22T13:30:37+00:00","twitter_card":"summary_large_image","twitter_misc":{"Geschatte leestijd":"1 minuut"},"schema":{"@context":"https:\/\/schema.org","@graph":[{"@type":"WebPage","@id":"http:\/\/www.stadserfzwolle.nl\/index.php\/het-type-woningen-stasdserf-zwolle\/","url":"http:\/\/www.stadserfzwolle.nl\/index.php\/het-type-woningen-stasdserf-zwolle\/","name":"Type woningen - welkom bij Stadserf Zwolle","isPartOf":{"@id":"http:\/\/www.stadserfzwolle.nl\/#website"},"datePublished":"2025-12-19T16:16:00+00:00","dateModified":"2025-12-22T13:30:37+00:00","description":"In Stadserf Zwolle willen we woningen cre\u00ebren voor \u00e9\u00e9npersoons- tot\u00a0 meerpersoonshuishoudens, met en zonder kinderen.","breadcrumb":{"@id":"http:\/\/www.stadserfzwolle.nl\/index.php\/het-type-woningen-stasdserf-zwolle\/#breadcrumb"},"inLanguage":"nl-NL","potentialAction":[{"@type":"ReadAction","target":["http:\/\/www.stadserfzwolle.nl\/index.php\/het-type-woningen-stasdserf-zwolle\/"]}]},{"@type":"BreadcrumbList","@id":"http:\/\/www.stadserfzwolle.nl\/index.php\/het-type-woningen-stasdserf-zwolle\/#breadcrumb","itemListElement":[{"@type":"ListItem","position":1,"name":"Home","item":"http:\/\/www.stadserfzwolle.nl\/"},{"@type":"ListItem","position":2,"name":"Type woningen"}]},{"@type":"WebSite","@id":"http:\/\/www.stadserfzwolle.nl\/#website","url":"http:\/\/www.stadserfzwolle.nl\/","name":"welkom bij Stadserf Zwolle","description":"het nieuwe wonen in Zwolle, met het oog op de toekomst","potentialAction":[{"@type":"SearchAction","target":{"@type":"EntryPoint","urlTemplate":"http:\/\/www.stadserfzwolle.nl\/?s={search_term_string}"},"query-input":{"@type":"PropertyValueSpecification","valueRequired":true,"valueName":"search_term_string"}}],"inLanguage":"nl-NL"}]}},"jetpack_sharing_enabled":true,"_links":{"self":[{"href":"http:\/\/www.stadserfzwolle.nl\/index.php\/wp-json\/wp\/v2\/pages\/68","targetHints":{"allow":["GET"]}}],"collection":[{"href":"http:\/\/www.stadserfzwolle.nl\/index.php\/wp-json\/wp\/v2\/pages"}],"about":[{"href":"http:\/\/www.stadserfzwolle.nl\/index.php\/wp-json\/wp\/v2\/types\/page"}],"author":[{"embeddable":true,"href":"http:\/\/www.stadserfzwolle.nl\/index.php\/wp-json\/wp\/v2\/users\/1"}],"replies":[{"embeddable":true,"href":"http:\/\/www.stadserfzwolle.nl\/index.php\/wp-json\/wp\/v2\/comments?post=68"}],"version-history":[{"count":8,"href":"http:\/\/www.stadserfzwolle.nl\/index.php\/wp-json\/wp\/v2\/pages\/68\/revisions"}],"predecessor-version":[{"id":247,"href":"http:\/\/www.stadserfzwolle.nl\/index.php\/wp-json\/wp\/v2\/pages\/68\/revisions\/247"}],"wp:attachment":[{"href":"http:\/\/www.stadserfzwolle.nl\/index.php\/wp-json\/wp\/v2\/media?parent=68"}],"curies":[{"name":"wp","href":"https:\/\/api.w.org\/{rel}","templated":true}]}}